2991. Determine i(48).
-63
Let c(q) = 1978*q - 241373. Calculate c(122).
-57
Let v(a) = -3*a**3 - 16*a**2 - 9*a - 9. Calculate v(-8).
575
Let h(q) = -2*q**3 - 14*q**2 - 2864*q - 17124. Give h(-6).
-12
Let t(g) = -1421*g**2 + 2219*g - 5. Calculate t(2).
-1251
Let l(b) = -58850*b - 3236723. What is l(-55)?
27
Let d(s) = 3772*s - 82989. Give d(22).
-5
Let g(c) = 5108*c + 46457. Give g(-9).
485
Let i(t) = 4*t**3 - 774*t**2 - 1948*t - 2354. What is i(196)?
-2
Let x(i) = i**3 + 128*i**2 + 134*i + 17640. What is x(-128)?
488
Let x(g) = 1807730*g - 16269584. What is x(9)?
-14
Let m(z) = -11*z**2 + 3314*z - 26504. Give m(8).
-696
Let v(p) = 13265*p + 173768. Calculate v(-13).
1323
Let n(u) = 31*u**2 + 8113*u - 48664. Calculate n(6).
1130
Let l(o) = 28748*o + 229961. What is l(-8)?
-23
Let h(p) = -2396*p - 45677. What is h(-19)?
-153
Let m(d) = -d**3 - 11*d**2 - 46*d - 97. Give m(0).
-97
Let n(d) = 13*d**2 + 558*d - 93. What is n(-44)?
523
Let y(g) = g**3 + 33*g**2 + 163*g - 2. Calculate y(-6).
-8
Let n(t) = 34729*t - 34745. Determine n(1).
-16
Let c(w) = -2*w**2 + 4*w + 172. Determine c(10).
12
Let v(f) = -8*f**3 + 76*f**2 - 219*f + 648. Calculate v(7).
95
Let l(w) = 51*w**3 + 27*w**2 - 5*w - 37. Determine l(-3).
-1156
Let a(m) = 1103*m - 134562. Determine a(122).
4
Let i(z) = 854*z + 79247. Give i(-93).
-175
Let k(p) = -13068*p - 39167. Give k(-3).
37
Let z(t) = 5*t**2 + 18453*t + 1497146. What is z(-83)?
-8
Let u(b) = -b**2 - 111*b + 22550. Give u(-214).
508
Let q(i) = -2*i**3 - 116*i**2 - 4312*i - 200438. Give q(-53).
8
Let q(g) = -2*g**2 - 253*g - 1419. What is q(-7)?
254
Let j(q) = 9*q**2 - 1069*q - 852160. Calculate j(-254).
10
Let u(n) = n**3 + 4*n**2 + 1844*n + 14721. What is u(-8)?
-287
Let r(w) = -w**3 - 70*w**2 + 18*w + 2868. Calculate r(-70).
1608
Let b(k) = 404*k + 116125. What is b(-289)?
-631
Let w(r) = -2*r**3 - 15*r**2 - 4568*r - 22758. Calculate w(-5).
-43
Let y(n) = 3*n**3 - 137*n**2 - 177*n - 222. Give y(47).
295
Let a(k) = 29*k**2 + 636*k - 91. Calculate a(-25).
2134
Let n(o) = -170641*o + 4436663. Calculate n(26).
-3
Let l(g) = -475*g - 12335. Determine l(-26).
15
Let t(l) = -19069*l - 2250144. Calculate t(-118).
-2
Let r(z) = -2516*z + 15095. What is r(6)?
-1
Let s(z) = 17*z**2 + 400*z - 958. Calculate s(-28).
1170
Let w(p) = 70*p**2 - 1771*p + 3603. What is w(23)?
-100
Let c(i) = -50*i**2 - 5159*i - 916. Determine c(-103).
11
Let b(f) = -f**2 + 11*f + 890. Determine b(69).
-3112
Let y(x) = -4*x**2 + 205*x - 824. Calculate y(42).
730
Let l(b) = b**3 - 5*b**2 - 65*b - 88. What is l(-6)?
-94
Let v(j) = j**2 - 313*j + 17992. Determine v(241).
640
Let g(c) = -2*c**2 - 46*c + 2191. Determine g(-45).
211
Let u(v) = -14*v**3 + 658*v**2 - 1281*v + 958. Calculate u(45).
13
Let k(i) = -4*i**3 - i**2 - 50*i - 332. What is k(-8)?
2052
Let n(t) = -t**3 - 98*t**2 - 461*t - 500. Give n(-93).
-872
Let a(q) = -21973*q + 131834. Calculate a(6).
-4
Let c(w) = -2*w**3 - 88*w**2 + 1934*w + 840. What is c(-60)?
0
Let g(f) = f**2 + 207519*f + 830044. Give g(-4).
-16
Let n(b) = -151*b**2 + 1953*b + 21. Give n(13).
-109
Let o(g) = 74*g**2 - 2955*g - 208. Give o(40).
-8
Let t(q) = -12*q**2 + 1224*q - 11049. Give t(10).
-9
Let v(t) = -22*t**3 - 2617*t**2 - 5033*t - 223. Determine v(-117).
11
Let k(s) = 4*s**2 - 276*s - 2665. Give k(76).
-537
Let c(h) = -32043*h + 865176. Give c(27).
15
Let c(h) = -12*h**2 + 238*h + 2762. Determine c(-11).
-1308
Let g(d) = d**3 + 36*d**2 + 2318*d + 73199. Determine g(-33).
-28
Let k(n) = -102*n**2 - 107*n + 219. Give k(2).
-403
Let q(l) = 51*l - 2279. What is q(49)?
220
Let t(p) = -248*p**2 + 31489*p + 1134. Calculate t(127).
245
Let f(b) = 6*b**2 + 18039*b - 144332. Calculate f(8).
364
Let p(r) = -6*r**2 + 122*r + 288. Give p(-3).
-132
Let v(k) = -77*k + 20731. Give v(224).
3483
Let x(i) = -19*i**3 - 28*i**2 + 58*i - 98. Calculate x(-3).
-11
Let p(f) = -9*f**3 - 141*f**2 - 310*f - 165. Determine p(-13).
-191
Let s(t) = -154*t - 20011. Determine s(-133).
471
Let f(n) = 2*n**2 + 10114*n - 70892. Calculate f(7).
4
Let y(u) = 10*u**3 + 38*u**2 - 207*u + 204. Determine y(4).
624
Let v(x) = 361*x + 3672. What is v(-9)?
423
Let s(v) = 7*v**2 - 63147*v + 252601. Determine s(4).
125
Let a(v) = -v**3 - 1347*v**2 + 12226*v + 29819. What is a(-1356)?
-13
Let g(v) = -5*v**3 - 1225*v**2 - 5*v - 1101. Calculate g(-245).
124
Let p(f) = -322*f**2 + 23504*f + 175. Calculate p(73).
29
Let j(s) = -s**3 - 15*s**2 - 52*s - 60. Give j(-9).
-78
Let d(o) = 2825*o + 39623. Give d(-14).
73
Let v(g) = g**3 - 155*g**2 - 1363*g - 2664. Give v(-3).
3
Let a(i) = -4*i**3 - 133*i**2 - 172*i - 289. Give a(-32).
95
Let j(w) = -76*w**3 + 1064*w**2 - 83*w + 1166. Calculate j(14).
4
Let j(g) = -11*g**2 + 882*g + 56. Calculate j(6).
4952
Let s(c) = 8*c**3 + 7*c**2 + 96*c + 168. What is s(-2)?
-60
Let d(q) = -12*q**3 + 196*q**2 + 105*q + 286. Calculate d(17).
-241
Let a(f) = 3846*f + 115297. Give a(-30).
-83
Let a(x) = -3119*x - 43609. Determine a(-14).
57
Let y(l) = 28*l**3 - 21*l**2 + 67*l - 19. What is y(3)?
749
Let z(t) = 5*t**2 - 36*t + 110. What is z(14)?
586
Let p(f) = 242*f - 20335. Give p(80).
-975
Let j(t) = t**3 - 18*t**2 - 91*t + 17. What is j(-8)?
-919
Let n(s) = -1605*s + 4818. Give n(3).
3
Let f(p) = -50*p**2 - 2510*p - 1. What is f(-50)?
499
Let x(j) = -275*j**2 + 14579*j - 236. Calculate x(53).
-24
Let r(g) = 45875*g - 2385509. Determine r(52).
-9
Let r(b) = 20*b + 967. Give r(-57).
-173
Let b(z) = -2143*z - 4041. Determine b(-2).
245
Let h(s) = -6*s**2 - 901*s - 16917. Give h(-22).
1
Let d(h) = -3*h**3 + 14*h**2 - 1013*h + 6113. What is d(6)?
-109
Let g(x) = 26*x**2 + 22826*x - 68500. What is g(3)?
212
Let i(s) = 2*s**3 + 48*s**2 + 19*s + 100. What is i(-23)?
721
Let b(i) = -861*i**3 - 48*i**2 + 752*i - 704. Give b(1).
-861
Let u(k) = -3749*k + 322416. Calculate u(86).
2
Let r(m) = -87*m - 2579. Give r(-48).
1597
Let v(u) = 45*u**2 + u - 92. Give v(5).
1038
Let o(u) = 14*u**3 + 23*u**2 - 35*u - 278. Calculate o(6).
3364
Let y(m) = 4568*m - 4610. What is y(1)?
-42
Let v(p) = -9971*p - 89391. What is v(-9)?
348
Let q(z) = -5*z**3 - 1455*z**2 - 4367*z + 3. What is q(-3)?
144
Let m(n) = -151718*n - 2427493. What is m(-16)?
-5
Let u(v) = -4*v**3 - 499*v**2 + 402*v + 34631. Give u(-125).
6
Let b(k) = k**3 + 24*k**2 + 694*k - 4182. What is b(5)?
13
Let z(t) = -t**3 + 648*t**2 - 5116*t - 39. Determine z(8).
-7
Let n(o) = o**3 - 997*o**2 - 32855*o + 2356. Calculate n(-32).
20
Let l(q) = -29*q + 1644. Give l(-2).
1702
Let q(v) = -3*v**3 + 11*v**2 - 5422*v + 16221. Calculate q(3).
-27
Let t(k) = k**3 + 49*k**2 + 321*k - 1467. Calculate t(-12).
9
Let g(d) = -5*d**3 - 304*d**2 + 1338*d - 1758. Determine g(-65).
-3
Let c(a) = 53*a - 1804. What is c(21)?
-691
Let m(w) = 47*w**2 + 11466*w + 57322. Determine m(-5).
1167
Let b(w) = -807*w - 731. Determine b(-1).
76
Let i(g) = -g**3 + 23*g**2 - 103*g - 78. What is i(8)?
58
Let b(f) = -14321*f - 1489399. What is b(-104)?
-15
Let u(r) = 1913*r - 17117. Determine u(9).
100
Let r(g) = g**3 + 646*g**2 + 5742*g + 86. Calculate r(-9).
5
Let s(b) = 9*b**3 - 1748*b**2 + 306*b + 15912. Determine s(194).
4
Let k(y) = -y**3 - 10*y**2 + 118*y - 174. Calculate k(7).
-181
Let f(j) = 9*j**3 - 1631*j**2 + 369*j - 1289. What is f(181)?
-22
Let j(w) = 2289*w - 13641. Calculate j(6).
93
Let f(x) = -3015659*x - 24125266. Determine f(-8).
6
Let t(v) = 235*v + 3317. Determine t(-14).
27
Let b(s) = 212415*s + 2548993. Calculate b(-12).
13
Let j(g) = g**3 + 16*g**2 + 551*g + 11381. What is j(-19)?
-171
Let a(k) = 8*k**2 - 2739*k + 31711. Give a(12).
-5
Let w(c) = -433*c + 170. What is w(1)?
-263
Let o(l) = l**3 - 54*l**2 - 174*l + 3054. Determine o(56).
-418
Let z(t) = -4*t**3 - 19*t**2 + 1166*t - 1147. Give z(1).
-4
Let v(m) = 115*m - 13029. Calculate v(113).
-34
Let u(w) = w**2 - 4046*w + 16161. What is u(4)?
-7
Let s(x) = 46*x**2 + 160*x - 1000. Calculate s(7).
2374
Let w(j) = j**3 + 61*j**2 + 643*j + 148. Calculate w(-13).
-99
Let q(o) = -1726*o - 56948. Determine q(-33).
10
Let j(n) = n**3 - 145*n**2 - 153*n - 29. Calculate j(146).
-1051
Let f(r) = 2*r**3 + 122*r**2 + 1644*r + 152. What is f(-41)?
-12
Let l(h) = 56*h**2 - 895*h - 76. Determine l(11).
-3145
Let p(k) = 4658*k + 1895776. What is p(-407)?
-30
Let s(j) = j**3 + 2*j**